3126 = 0. Is u a prime number?
True
Let z be 16/72 + 16/9. Suppose l = z*u - 3*u + 601, -u = 2*l - 1200. Is l a prime number?
True
Let y(p) = 2*p - 15. Let i be y(10). Suppose i*g = -4*z + 2*g + 35, 10 = z + 2*g. Suppose 381 = -5*w + z*w. Is w prime?
True
Let h(f) = 9*f**2 - 5*f + 11. Let w be ((-7)/2)/(3/(-6)). Let z be h(w). Suppose 0 = -4*c + 19 + z. Is c composite?
False
Let h be 8*((-2)/(-1) - 1). Let a(c) = -c. Let k(b) = -17*b + 9. Let m(l) = 3*a(l) - k(l). Is m(h) a prime number?
True
Suppose 0 = -5*w + 122123 + 136152. Is w a prime number?
False
Suppose 4*d - 105 = -77. Is (-176)/24 + d - 4630/(-3) a composite number?
False
Let r = 18 - 25. Let a(h) = 7*h**2 + 6*h - 17. Let w be a(r). Suppose 101 + w = 5*v. Is v a prime number?
False
Let s be 18/(-2) - (3 - 1). Let p(l) = 29*l**2 + 53*l - 62. Let v(u) = 10*u**2 + 18*u - 21. Let y(d) = 6*p(d) - 17*v(d). Is y(s) a composite number?
False
Let o(b) = 285*b + 35. Let x(z) = -286*z - 35. Let y(w) = 7*o(w) + 6*x(w). Is y(14) prime?
False
Let p(r) = r**3 - 7*r**2 + 9*r - 14. Let k be p(6). Suppose k*g - 2*o = 1946, -3*g - 2*g + 4*o = -2437. Is g a composite number?
True
Suppose -2*i + 2*v = i - 4, -i - 5*v = -7. Suppose -j + 4 = 0, -85 = -n + i*j - 34. Is n a composite number?
False
Let k = 11652 - 4969. Is k a composite number?
True
Let j(u) = -4*u + 9*u + 2*u - 6 - 3*u**2 + 4*u**2. Let r be j(-8). Suppose -r*c + 70 = -40. Is c a composite number?
True
Suppose -106 = 4*f + f + 4*v, 2*v = 3*f + 68. Let c be f/(-5) + (-8)/20. Suppose i + c*p - 273 = -0*i, -3*i + 2*p = -763. Is i a prime number?
True
Suppose 0 = -b - 5*x + 20, -5*b + 2*b - 4*x = -16. Suppose -8*w + 5*w + 867 = b. Is w a prime number?
False
Let d(f) = f + 16. Let b be d(-13). Suppose -20*l + b = -19*l. Suppose l*j - 50 - 181 = 0. Is j prime?
False
Suppose 0 = -52*d + 36*d + 18672. Is d prime?
False
Let x(d) = -d + 12. Let z be x(6). Let a = z - -20. Is a a prime number?
False
Let c = -1161 + -118. Let h = -738 - c. Is h prime?
True
Let p be (2/4)/((-1)/(-1))*0. Suppose 4*k + k - 14785 = p. Is k a prime number?
True
Suppose 5*s + s = 948. Suppose -432 + s = -p. Is p prime?
False
Is (191/(-2))/((-3)/120*4) a prime number?
False
Let p(s) be the third derivative of -s**7/280 - s**5/120 + s**4/24 + s**3/2 + 4*s**2. Let n(m) be the first derivative of p(m). Is n(-3) a composite number?
True
Suppose -5*s + 68 = 2*t + 6, 0 = s - 3*t - 26. Let x(h) = 25*h + 41. Is x(s) prime?
False
Let w = 7950 - 4153. Is w a composite number?
False
Suppose -y + 6 = y. Suppose 2980 = y*r + r. Is r composite?
True
Let o be (-3)/(-18)*-2*-3. Is 5 + 183 - (-2 - o) a composite number?
False
Let z(y) = 25*y - 22. Suppose -2*j - 4 = -4*j. Suppose i = 2*g + 17, 53 = 4*i - g - j*g. Is z(i) a prime number?
False
Let v(s) = -6*s**3 + 18*s**2 - 3*s - 31. Is v(-6) a composite number?
False
Is 33717/11 - 2/11 a composite number?
True
Let h(t) be the third derivative of -3*t**6/40 + t**5/10 + t**4/4 - t**3/6 - 7*t**2. Is h(-2) prime?
True
Suppose -586626 = -192*t + 186*t. Is t a prime number?
True
Let a(h) = -115*h**2 - h - 3. Let i(o) = -57*o**2 - 1. Let m(v) = 2*a(v) - 5*i(v). Let j be (-84)/49 - 4/14. Is m(j) composite?
False
Let h(y) = 4*y**2 + 19*y + 3. Let w be h(9). Suppose -w = -n + 133. Is n prime?
True
Let j = 135 - 135. Suppose q - 505 = -j*q. Is q composite?
True
Suppose -1494 = -6*a + 132. Is a prime?
True
Suppose 5*q - 9*d - 492026 = -6*d, d = 4*q - 393625. Is q a composite number?
False
Let d = -1 + 4. Is 599/d + (-12)/18 a composite number?
False
Let o(b) = 3*b - 22*b**2 + 20*b**2 - 5*b - b**3. Let m be o(-8). Suppose -4*q + 2*s = 3*s - 1633, q + 3*s = m. Is q a composite number?
False
Let d = 1882 + -706. Is (-1)/((-2)/d) + -3 + 2 a prime number?
True
Suppose -1737 = -4*z + 59. Is (z/(-2))/((-11)/22) prime?
True
Let u be (-1)/(3/(-6)) + 8164. Suppose -u = -5*p - p. Is p a composite number?
False
Let m(r) = 59*r + 10. Suppose 2*n + 3*c = 21, n = -0*n - 2*c + 12. Let k be m(n). Let s = k - 143. Is s a prime number?
False
Suppose -2*m - 4*p = p - 32957, 4*p = -3*m + 49425. Suppose -12*h - m = -19*h. Is h composite?
True
Is ((-4)/28 - (-585)/(-70))*-422 a composite number?
True
Suppose 7 = -2*k + 7. Suppose 0*n + 5*p = -4*n + 1943, -3*n + 3*p + 1464 = k. Is n a composite number?
False
Let n(u) = -2*u**3 + 29*u**2 + 17*u + 17. Let q be (42*(-12)/54)/((-2)/3). Is n(q) a prime number?
False
Let a(r) = r**3 + 7*r - 6. Let p be a(9). Let v be p/(-9)*(5 - 2). Let h = -135 - v. Is h a composite number?
False
Let h = 5317 + -2036. Is h a prime number?
False
Suppose -12*f = -8*f + 5*n - 11008, -5510 = -2*f - n. Is f a prime number?
False
Let x(g) = g**2 - 4. Let d be x(2). Suppose 0*z + 572 = 2*z + 5*j, -j - 2 = d. Suppose -2*i + 3*r + 896 - z = 0, -1523 = -5*i + 4*r. Is i a composite number?
False
Suppose -3*l - 41 = -4*f + 315, 4*l + 4*f + 456 = 0. Let h = l - -169. Is h a prime number?
True
Suppose -327 = -x + 4*o, 5*x - 867 = -3*o + 722. Is x a prime number?
False
Is 1147*(7 + (0 - 6)) a prime number?
False
Suppose 9*v = 7*v + 14. Is -6 - (-27750)/42 - (-2)/v a prime number?
False
Suppose -10*l - 4 = -24. Suppose l*c - 960 = 3526. Is c prime?
True
Let f be ((-2)/(-6))/(-1)*3. Is -3 + (-726 + (0 - -2))/f a composite number?
True
Let i be -4*4/(-16) - -36. Let x(o) = 11*o + 18 + 9 - o**3 - 11*o**2 - i. Is x(-12) composite?
False
Let b(c) = -c**2 - 3. Let u be b(0). Let d(a) be the first derivative of -3*a**4 + 2*a**3/3 + 3*a**2/2 - 2*a - 20. Is d(u) prime?
True
Let z(l) = -269*l. Let b be z(-3). Let j be (-4)/(-14) + b/(-7). Let i = j + 294. Is i a prime number?
True
Is 22/33 + 8426/6 - 0 composite?
True
Suppose -426 = -2*b - 2*m, 4*m + 287 = 2*b - 127. Is b prime?
True
Let j be ((-26)/2)/(-3 - -2). Let o be 69 - (-2)/(-4)*(-13 - -11). Let q = o + j. Is q prime?
True
Let s(t) be the second derivative of -95*t**3/6 - t**2/2 + 4*t. Let i be s(-5). Is ((-2)/4)/((-3)/i) prime?
True
Suppose -3*d - 3*s + 8754 = 0, -2*d - 2*d + 5*s = -11699. Is d prime?
False
Suppose -2*t + 3*p = -134239, -62*p = -66*p + 4. Is t a composite number?
False
Let g be 5*(-1 - 2 - -4). Let p be 10*(-2 + g)/6. Suppose 0 = -p*x + 1849 + 416. Is x composite?
True
Let l(p) = 65*p + 1. Let q(x) = 63*x - 1 + 2 + 68*x + 1. Let u(s) = 7*l(s) - 3*q(s). Is u(3) a composite number?
True
Let h = -615 - -3502. Is h a composite number?
False
Suppose n + 5*w + 1703 = 646, -4*w - 5306 = 5*n. Let g be n/(-4) - (-1)/(-2). Suppose 3*i = 8*i - g. Is i a prime number?
True
Is (-38)/(-57)*(-6)/8*-37846 a prime number?
False
Let f = -33 + 55. Suppose 0 = -2*l + f + 420. Let r = l - -186. Is r a composite number?
True
Let x be -3*2/(-6) + 2. Suppose x*c = -620 + 8. Let n = c + 333. Is n composite?
True
Let l = -43 - -41. Is (0 + (-2)/(-12))*l*-1671 a prime number?
True
Let b be (0 - -1)/((-3)/(-3)). Let n(z) be the second derivative of 53*z**3/2 - 4*z. Is n(b) a prime number?
False
Suppose 0*r + 3*r = 5*q - 29, r = -3. Let c be -18*2/16*q. Is ((-1146)/(-9))/((-6)/c) composite?
False
Let y be -7 + 2 + -1 + 1. Let r be -2 - (0 + 13*y). Let s = r + -28. Is s a composite number?
True
Let v = -6286 + 9203. Is v a composite number?
False
Suppose j + 12 = 9. Is 7*4*j/(24/(-202)) a composite number?
True
Let p(m) = -m**3 + 11*m**2 + 2. Let x be p(11). Let w = 267 - x. Is w a composite number?
True
Is ((-24)/(-18) - 1) + (-19868)/(-3) a composite number?
True
Let f = -6480 - -9583. Suppose f = 5*w + c - 19733, -4566 = -w + c. Is w a composite number?
False
Suppose -3*l - 2*i - 38101 = -6*l, 38106 = 3*l - 3*i. Is l prime?
True
Let j be 6*((10828/8)/1 - 0). Suppose -q - j = -4*q. Is q a prime number?
True
Let y(j) = -j**2 - 19*j - 35. Let t be y(-19). Is -4 - (-7)/(t/(-1335)) a prime number?
True
Let j(n) = 2*n + 10. Let i be j(9). Let g = i - -31. Is g composite?
False
Suppose -2*q - v = -q - 1687, -5*v = 20. Is q a composite number?
True
Let l(t) = 28*t**2 - 3*t + 33. Let p be l(-15). Let m = -4511 + p. Is m a prime number?
True
Let s(k) = -k**2 + 8*k - 6. Suppose 3*g + g - 16 = 0. Let a(u) = -u**2 + 8*u - 5. Let p(z) = g*a(z) - 5*s(z). Is p(8) a composite number?
True
Suppose 0*o - 4*o + 8 = 0. Let a be (-133)/(-42) - o/12. Suppose 4*p = 2*u + 2*p - 1302, -a*p = -2*u + 1300. Is u a composite number?
False
Suppose -144